{"id":1659,"date":"2025-11-18T05:04:03","date_gmt":"2025-11-18T04:04:03","guid":{"rendered":"https:\/\/novavape.de\/?page_id=1659"},"modified":"2025-11-18T05:04:04","modified_gmt":"2025-11-18T04:04:04","slug":"versand-und-lieferung","status":"publish","type":"page","link":"https:\/\/novavape.de\/hu\/versand-und-lieferung\/","title":{"rendered":"Sz\u00e1ll\u00edt\u00e1s \u00e9s k\u00e9zbes\u00edt\u00e9s"},"content":{"rendered":"<h1 class=\"wp-block-heading\">Sz\u00e1ll\u00edt\u00e1s \u00e9s k\u00e9zbes\u00edt\u00e9s<\/h1>\n\n\n\n<h2 class=\"wp-block-heading\">Megrendel\u00e9s feldolgoz\u00e1sa \u00e9s felad\u00e1sa<\/h2>\n\n\n\n<p>Megrendel\u00e9s\u00e9t 1-5 munkanapon bel\u00fcl feldolgozzuk \u00e9s elk\u00fcldj\u00fck. A szok\u00e1sos sz\u00e1ll\u00edt\u00e1si id\u0151 10-15 munkanap. K\u00e9rj\u00fck, vegye figyelembe, hogy h\u00e9tv\u00e9g\u00e9n \u00e9s hivatalos \u00fcnnepnapokon nem t\u00f6rt\u00e9nik sz\u00e1ll\u00edt\u00e1s.<\/p>\n\n\n\n<h2 class=\"wp-block-heading\">Csomagk\u00f6vet\u00e9s<\/h2>\n\n\n\n<p>Amint a megrendel\u00e9s\u00e9t elk\u00fcldt\u00fck, k\u00fcld\u00fcnk \u00d6nnek egy e-mailt a nyomon k\u00f6vet\u00e9si sz\u00e1mmal. A csomagja aktu\u00e1lis felad\u00e1si st\u00e1tusz\u00e1t az al\u00e1bbi weboldalon tekintheti meg:<\/p>\n\n\n\n<p>K\u00e9rj\u00fck, vegye figyelembe, hogy a felad\u00e1s ut\u00e1n 3-7 napot is ig\u00e9nybe vehet, am\u00edg a nyomon k\u00f6vet\u00e9si inform\u00e1ci\u00f3k friss\u00fclnek a weboldalon.<\/p>\n\n\n\n<h2 class=\"wp-block-heading\">Rendel\u00e9sm\u00f3dos\u00edt\u00e1sok \u00e9s lemond\u00e1sok<\/h2>\n\n\n\n<p>A rendel\u00e9st b\u00e1rmikor lemondhatja, illetve a sz\u00e1ll\u00edt\u00e1si c\u00edmet a felad\u00e1s el\u0151tt b\u00e1rmikor megv\u00e1ltoztathatja. Miut\u00e1n a megrendel\u00e9s\u00e9t elk\u00fcldt\u00e9k, sajnos m\u00e1r nem \u00e1ll m\u00f3dunkban visszat\u00e9r\u00edt\u00e9st vagy c\u00edmv\u00e1ltoztat\u00e1st v\u00e9gezni.<\/p>\n\n\n\n<h2 class=\"wp-block-heading\">V\u00e1mkezel\u00e9s \u00e9s v\u00e1mok<\/h2>\n\n\n\n<p>DDP (Delivered Duty Paid) sz\u00e1ll\u00edt\u00e1st k\u00edn\u00e1lunk a k\u00f6vetkez\u0151 orsz\u00e1gok \u00e9s r\u00e9gi\u00f3k sz\u00e1m\u00e1ra. A DDP-sz\u00e1ll\u00edtm\u00e1nyok eset\u00e9ben nem kell v\u00e1mkezel\u00e9st vagy v\u00e1mot fizetnie. (Ez a szab\u00e1lyoz\u00e1s nem minden orsz\u00e1gra vonatkozik - k\u00e9rj\u00fck, vegye figyelembe a t\u00e9nyleges felt\u00e9teleket)<\/p>\n\n\n\n<p><strong>DDP sz\u00e1ll\u00edt\u00e1si lehet\u0151s\u00e9gek r\u00e9gi\u00f3nk\u00e9nt:<\/strong><\/p>\n\n\n\n<ul class=\"wp-block-list\">\n<li><strong>USA:<\/strong> Sz\u00e1ll\u00edt\u00e1s UPS-szel (kiv\u00e9ve Alaszka \u00e9s Hawaii)<\/li>\n\n\n\n<li><strong>Ausztr\u00e1lia:<\/strong> Sz\u00e1ll\u00edt\u00e1s az Ausztr\u00e1lia Post\u00e1n kereszt\u00fcl<\/li>\n\n\n\n<li><strong>Egyes\u00fclt Kir\u00e1lys\u00e1g:<\/strong> Sz\u00e1ll\u00edt\u00e1s DPD Expresszel (helyi)<\/li>\n\n\n\n<li><strong>Eur\u00f3pa:<\/strong> Sz\u00e1ll\u00edt\u00e1s DHL Express \/ DPD Expressen kereszt\u00fcl<\/li>\n<\/ul>\n\n\n\n<p><strong>Fontos megjegyz\u00e9s:<\/strong> A DDP nem \u00e9rhet\u0151 el n\u00e9h\u00e1ny olyan orsz\u00e1gban, ahol k\u00fcl\u00f6n\u00f6sen szigor\u00fa v\u00e1mszab\u00e1lyok vannak \u00e9rv\u00e9nyben, t\u00f6bbek k\u00f6z\u00f6tt: D\u00e1ni\u00e1ban, Ausztr\u00e1li\u00e1ban, Norv\u00e9gi\u00e1ban, Sv\u00e1jcban<\/p>\n\n\n\n<h2 class=\"wp-block-heading\">Tov\u00e1bbi fontos megjegyz\u00e9sek<\/h2>\n\n\n\n<p>Bizonyos t\u00e1voli r\u00e9gi\u00f3kban t\u00f6bbletk\u00f6lts\u00e9gek \u00e9s hosszabb sz\u00e1ll\u00edt\u00e1si id\u0151k mer\u00fclhetnek fel. Mindent megtesz\u00fcnk annak \u00e9rdek\u00e9ben, hogy rendel\u00e9se id\u0151ben meg\u00e9rkezzen.<\/p>\n\n\n\n<h2 class=\"wp-block-heading\">\u00dcgyf\u00e9lszolg\u00e1lat<\/h2>\n\n\n\n<p>Ha b\u00e1rmilyen k\u00e9rd\u00e9se vagy k\u00fcl\u00f6nleges k\u00e9r\u00e9se van, csapatunk mindig el\u00e9rhet\u0151 a erol.esila.emir@gmail.com c\u00edmen. Igyeksz\u00fcnk els\u0151 oszt\u00e1ly\u00fa szolg\u00e1ltat\u00e1st ny\u00fajtani \u00d6nnek.<\/p>","protected":false},"excerpt":{"rendered":"<p>Felad\u00e1s \u00e9s sz\u00e1ll\u00edt\u00e1s A megrendel\u00e9s feldolgoz\u00e1sa \u00e9s felad\u00e1sa A megrendel\u00e9s\u00e9t 1-5 munkanapon bel\u00fcl feldolgozzuk \u00e9s feladjuk. A szok\u00e1sos<\/p>","protected":false},"author":1,"featured_media":0,"parent":0,"menu_order":0,"comment_status":"closed","ping_status":"closed","template":"","meta":{"footnotes":""},"class_list":["post-1659","page","type-page","status-publish","hentry"],"_links":{"self":[{"href":"https:\/\/novavape.de\/hu\/wp-json\/wp\/v2\/pages\/1659","targetHints":{"allow":["GET"]}}],"collection":[{"href":"https:\/\/novavape.de\/hu\/wp-json\/wp\/v2\/pages"}],"about":[{"href":"https:\/\/novavape.de\/hu\/wp-json\/wp\/v2\/types\/page"}],"author":[{"embeddable":true,"href":"https:\/\/novavape.de\/hu\/wp-json\/wp\/v2\/users\/1"}],"replies":[{"embeddable":true,"href":"https:\/\/novavape.de\/hu\/wp-json\/wp\/v2\/comments?post=1659"}],"version-history":[{"count":0,"href":"https:\/\/novavape.de\/hu\/wp-json\/wp\/v2\/pages\/1659\/revisions"}],"wp:attachment":[{"href":"https:\/\/novavape.de\/hu\/wp-json\/wp\/v2\/media?parent=1659"}],"curies":[{"name":"wp","href":"https:\/\/api.w.org\/{rel}","templated":true}]}}

Szállítás és kézbesítés

<h1 class="wp-block-heading">Szállítás és kézbesítés</h1>



<h2 class="wp-block-heading">Megrendelés feldolgozása és feladása</h2>



<p>Megrendelését 1-5 munkanapon belül feldolgozzuk és elküldjük. A szokásos szállítási idő 10-15 munkanap. Kérjük, vegye figyelembe, hogy hétvégén és hivatalos ünnepnapokon nem történik szállítás.</p>



<h2 class="wp-block-heading">Csomagkövetés</h2>



<p>Amint a megrendelését elküldtük, küldünk Önnek egy e-mailt a nyomon követési számmal. A csomagja aktuális feladási státuszát az alábbi weboldalon tekintheti meg:</p>



<p>Kérjük, vegye figyelembe, hogy a feladás után 3-7 napot is igénybe vehet, amíg a nyomon követési információk frissülnek a weboldalon.</p>



<h2 class="wp-block-heading">Rendelésmódosítások és lemondások</h2>



<p>A rendelést bármikor lemondhatja, illetve a szállítási címet a feladás előtt bármikor megváltoztathatja. Miután a megrendelését elküldték, sajnos már nem áll módunkban visszatérítést vagy címváltoztatást végezni.</p>



<h2 class="wp-block-heading">Vámkezelés és vámok</h2>



<p>DDP (Delivered Duty Paid) szállítást kínálunk a következő országok és régiók számára. A DDP-szállítmányok esetében nem kell vámkezelést vagy vámot fizetnie. (Ez a szabályozás nem minden országra vonatkozik - kérjük, vegye figyelembe a tényleges feltételeket)</p>



<p><strong>DDP szállítási lehetőségek régiónként:</strong></p>



<ul class="wp-block-list">
<li><strong>USA:</strong> Szállítás UPS-szel (kivéve Alaszka és Hawaii)</li>



<li><strong>Ausztrália:</strong> Szállítás az Ausztrália Postán keresztül</li>



<li><strong>Egyesült Királyság:</strong> Szállítás DPD Expresszel (helyi)</li>



<li><strong>Európa:</strong> Szállítás DHL Express / DPD Expressen keresztül</li>
</ul>



<p><strong>Fontos megjegyzés:</strong> A DDP nem érhető el néhány olyan országban, ahol különösen szigorú vámszabályok vannak érvényben, többek között: Dániában, Ausztráliában, Norvégiában, Svájcban</p>



<h2 class="wp-block-heading">További fontos megjegyzések</h2>



<p>Bizonyos távoli régiókban többletköltségek és hosszabb szállítási idők merülhetnek fel. Mindent megteszünk annak érdekében, hogy rendelése időben megérkezzen.</p>



<h2 class="wp-block-heading">Ügyfélszolgálat</h2>



<p>Ha bármilyen kérdése vagy különleges kérése van, csapatunk mindig elérhető a erol.esila.emir@gmail.com címen. Igyekszünk első osztályú szolgáltatást nyújtani Önnek.</p>

<p>Feladás és szállítás A megrendelés feldolgozása és feladása A megrendelését 1-5 munkanapon belül feldolgozzuk és feladjuk. A szokásos</p>
