{"id":1654,"date":"2025-11-18T04:51:11","date_gmt":"2025-11-18T03:51:11","guid":{"rendered":"https:\/\/novavape.de\/?page_id=1654"},"modified":"2025-11-18T04:51:13","modified_gmt":"2025-11-18T03:51:13","slug":"datenschutzerklaerung","status":"publish","type":"page","link":"https:\/\/novavape.de\/hu\/datenschutzerklaerung\/","title":{"rendered":"Adatv\u00e9delmi szab\u00e1lyzat"},"content":{"rendered":"<h1 class=\"wp-block-heading\">Adatv\u00e9delmi szab\u00e1lyzat<\/h1>\n\n\n\n<p>Ez az adatv\u00e9delmi szab\u00e1lyzat elmagyar\u00e1zza, hogyan gy\u0171jtj\u00fck, kezelj\u00fck \u00e9s biztos\u00edtjuk az \u00d6n adatait, amikor megl\u00e1togatja a weboldalunkat (novavape.de). T\u00e1j\u00e9koztatjuk az \u00d6nt megillet\u0151 adatv\u00e9delmi jogokr\u00f3l \u00e9s az \u00d6nt megillet\u0151 jogi v\u00e9delemr\u0151l.<\/p>\n\n\n\n<h2 class=\"wp-block-heading\">Szem\u00e9lyes adatok gy\u0171jt\u00e9se<\/h2>\n\n\n\n<p>E-cigaretta szolg\u00e1ltat\u00e1saink ny\u00fajt\u00e1s\u00e1hoz k\u00fcl\u00f6nb\u00f6z\u0151 kateg\u00f3ri\u00e1j\u00fa inform\u00e1ci\u00f3kat gy\u0171jt\u00fcnk:<\/p>\n\n\n\n<h3 class=\"wp-block-heading\">Szem\u00e9lyes adatok<\/h3>\n\n\n\n<p>A k\u00f6vetkez\u0151 adatokat gy\u0171jtj\u00fck:<\/p>\n\n\n\n<ul class=\"wp-block-list\">\n<li>Teljes n\u00e9v<\/li>\n\n\n\n<li>E-mail c\u00edm<\/li>\n\n\n\n<li>Telefonsz\u00e1m<\/li>\n\n\n\n<li>Sz\u00e1ll\u00edt\u00e1si c\u00edm<\/li>\n<\/ul>\n\n\n\n<p>Ezekre az inform\u00e1ci\u00f3kra a megrendel\u00e9sek feldolgoz\u00e1s\u00e1hoz, az e-cigaretta term\u00e9kek kik\u00fcld\u00e9s\u00e9hez \u00e9s az \u00d6n \u00e1tfog\u00f3 \u00fcgyf\u00e9lszolg\u00e1lat\u00e1hoz van sz\u00fcks\u00e9g.<\/p>\n\n\n\n<h3 class=\"wp-block-heading\">M\u0171szaki \u00e9s haszn\u00e1lati inform\u00e1ci\u00f3k<\/h3>\n\n\n\n<p>Az automatikusan gy\u0171jt\u00f6tt adatok k\u00f6z\u00e9 tartoznak:<\/p>\n\n\n\n<ul class=\"wp-block-list\">\n<li>A haszn\u00e1lt eszk\u00f6z t\u00edpusa<\/li>\n\n\n\n<li>Internet Protocol (IP) c\u00edm<\/li>\n\n\n\n<li>Haszn\u00e1lt b\u00f6ng\u00e9sz\u0151<\/li>\n\n\n\n<li>A hozz\u00e1f\u00e9r\u00e9s id\u0151pontja<\/li>\n\n\n\n<li>El\u00e9rhet\u0151 aloldalak<\/li>\n<\/ul>\n\n\n\n<p>Ezeket az inform\u00e1ci\u00f3kat automatikusan gy\u0171jtj\u00fck, \u00e9s a felhaszn\u00e1l\u00f3i \u00e9lm\u00e9ny jav\u00edt\u00e1s\u00e1ra, valamint a biztons\u00e1g \u00e9s az e-cigaretta-\u00e1gazat szab\u00e1lyoz\u00e1si k\u00f6vetelm\u00e9nyeinek val\u00f3 megfelel\u00e9s biztos\u00edt\u00e1s\u00e1ra haszn\u00e1ljuk.<\/p>\n\n\n\n<h2 class=\"wp-block-heading\">Az \u00f6sszegy\u0171jt\u00f6tt adatok feldolgoz\u00e1sa<\/h2>\n\n\n\n<p>Az \u00e1ltalunk gy\u0171jt\u00f6tt inform\u00e1ci\u00f3kat a k\u00f6vetkez\u0151 c\u00e9lokra haszn\u00e1ljuk fel:<\/p>\n\n\n\n<h3 class=\"wp-block-heading\">Megrendel\u00e9sek feldolgoz\u00e1sa \u00e9s teljes\u00edt\u00e9se<\/h3>\n\n\n\n<p>Szem\u00e9lyes adatait a megrendel\u00e9sek feldolgoz\u00e1s\u00e1hoz, a term\u00e9kek kik\u00fcld\u00e9s\u00e9hez \u00e9s \u00fcgyf\u00e9lszolg\u00e1latunk ell\u00e1t\u00e1s\u00e1hoz haszn\u00e1ljuk fel.<\/p>\n\n\n\n<h3 class=\"wp-block-heading\">Kommunik\u00e1ci\u00f3 az \u00fcgyfelekkel<\/h3>\n\n\n\n<p>Kapcsolatba l\u00e9p\u00fcnk \u00d6nnel megrendel\u00e9seivel, term\u00e9kadataival \u00e9s marketingkamp\u00e1nyaival kapcsolatban, bele\u00e9rtve a jelent\u0151s friss\u00edt\u00e9seket \u00e9s a biztons\u00e1ggal kapcsolatos \u00e9rtes\u00edt\u00e9seket.<\/p>\n\n\n\n<h3 class=\"wp-block-heading\">Szolg\u00e1ltat\u00e1saink jav\u00edt\u00e1sa<\/h3>\n\n\n\n<p>A haszn\u00e1lati inform\u00e1ci\u00f3k elemz\u00e9s\u00e9vel optimaliz\u00e1ljuk term\u00e9kk\u00edn\u00e1latunkat, a weboldal funkci\u00f3it \u00e9s az \u00e1ltal\u00e1nos felhaszn\u00e1l\u00f3i \u00e9lm\u00e9nyt.<\/p>\n\n\n\n<h2 class=\"wp-block-heading\">Adattov\u00e1bb\u00edt\u00e1s harmadik f\u00e9lnek<\/h2>\n\n\n\n<p>Elvileg nem adjuk \u00e1t az \u00d6n szem\u00e9lyes adatait k\u00fcls\u0151 feleknek az \u00d6n beleegyez\u00e9se n\u00e9lk\u00fcl, kiv\u00e9ve a k\u00f6vetkez\u0151 esetekben:<\/p>\n\n\n\n<h3 class=\"wp-block-heading\">K\u00fcls\u0151 szolg\u00e1ltat\u00f3k<\/h3>\n\n\n\n<p>Az \u00d6n adatait tov\u00e1bb\u00edtjuk a sz\u00e1ll\u00edtm\u00e1nyoz\u00f3 c\u00e9geknek, a fizet\u00e9si szolg\u00e1ltat\u00f3knak \u00e9s m\u00e1s k\u00fcls\u0151 partnereknek, hogy biztos\u00edtsuk term\u00e9keink z\u00f6kken\u0151mentes sz\u00e1ll\u00edt\u00e1s\u00e1t \u00e9s sz\u00e1ml\u00e1z\u00e1s\u00e1t.<\/p>\n\n\n\n<h3 class=\"wp-block-heading\">Jogi k\u00f6telezetts\u00e9gek<\/h3>\n\n\n\n<p>Az \u00d6n adatait nyilv\u00e1noss\u00e1gra hozzuk, ha ezt a t\u00f6rv\u00e9ny vagy a hat\u00f3s\u00e1gok k\u00e9r\u00e9s\u00e9re az alkalmazand\u00f3 jogi norm\u00e1knak \u00e9s el\u0151\u00edr\u00e1soknak val\u00f3 megfelel\u00e9s \u00e9rdek\u00e9ben sz\u00fcks\u00e9ges.<\/p>\n\n\n\n<h3 class=\"wp-block-heading\">V\u00e1llalati tranzakci\u00f3k<\/h3>\n\n\n\n<p>\u00d6sszeolvad\u00e1s, felv\u00e1s\u00e1rl\u00e1s vagy a v\u00e1llalat eszk\u00f6zeinek elad\u00e1sa eset\u00e9n az \u00d6n adatai tov\u00e1bb\u00edt\u00e1sra ker\u00fclhetnek, de tov\u00e1bbra is a jelen Adatv\u00e9delmi szab\u00e1lyzat v\u00e9delme alatt maradnak.<\/p>\n\n\n\n<h2 class=\"wp-block-heading\">Az \u00d6n adatainak biztons\u00e1ga<\/h2>\n\n\n\n<p>Szem\u00e9lyes adatainak v\u00e9delme \u00e9rdek\u00e9ben sz\u00e1mos biztos\u00edt\u00e9kot alkalmazunk, bele\u00e9rtve a titkos\u00edt\u00e1si elj\u00e1r\u00e1sokat \u00e9s a folyamatos biztons\u00e1gi ellen\u0151rz\u00e9seket. Ezen \u00f3vint\u00e9zked\u00e9sek ellen\u00e9re azonban nem tudjuk garant\u00e1lni az \u00d6n adatainak teljes biztons\u00e1g\u00e1t az internetes tov\u00e1bb\u00edt\u00e1s sor\u00e1n.<\/p>\n\n\n\n<h2 class=\"wp-block-heading\">Az \u00d6n adatv\u00e9delmi jogai<\/h2>\n\n\n\n<p>\u00d6nt a k\u00f6vetkez\u0151 jogok illetik meg:<\/p>\n\n\n\n<ul class=\"wp-block-list\">\n<li><strong>A t\u00e1j\u00e9koztat\u00e1shoz val\u00f3 jog<\/strong>: Ellen\u0151rizze a t\u00e1rolt szem\u00e9lyes adatait<\/li>\n\n\n\n<li><strong>A helyesb\u00edt\u00e9shez val\u00f3 jog<\/strong>: Helytelen adatok jav\u00edt\u00e1sa<\/li>\n\n\n\n<li><strong>Lemond\u00e1si jog<\/strong>Adataid elt\u00e1vol\u00edt\u00e1s\u00e1t k\u00e9rheted<\/li>\n<\/ul>\n\n\n\n<p>Ha szeretn\u00e9, hogy t\u00f6r\u00f6lj\u00fck az adatait, vagy nem k\u00edv\u00e1n t\u00f6bb\u00e9 marketinginform\u00e1ci\u00f3kat kapni, b\u00e1rmikor kapcsolatba l\u00e9phet vel\u00fcnk.<\/p>\n\n\n\n<h2 class=\"wp-block-heading\">S\u00fctik \u00e9s nyomon k\u00f6vet\u00e9si m\u00f3dszerek haszn\u00e1lata<\/h2>\n\n\n\n<p>S\u00fctiket \u00e9s hasonl\u00f3 technol\u00f3gi\u00e1kat haszn\u00e1lunk, hogy optimaliz\u00e1ljuk a platformunkon tapasztalt \u00e9lm\u00e9nyt. A cookie-kat a b\u00f6ng\u00e9sz\u0151 be\u00e1ll\u00edt\u00e1sain kereszt\u00fcl kezelheti. K\u00e9rj\u00fck, vegye figyelembe, hogy a s\u00fctik letilt\u00e1sa korl\u00e1tozhatja a weboldal egyes ter\u00fcleteinek m\u0171k\u00f6d\u00e9s\u00e9t.<\/p>\n\n\n\n<h2 class=\"wp-block-heading\">Kiskor\u00faak v\u00e9delme<\/h2>\n\n\n\n<p>Aj\u00e1nlataink \u00e9s szolg\u00e1ltat\u00e1saink kiz\u00e1r\u00f3lag 18. \u00e9let\u00e9v\u00fcket bet\u00f6lt\u00f6tt szem\u00e9lyeknek sz\u00f3lnak. Tudatosan nem gy\u0171jt\u00fcnk szem\u00e9lyes adatokat 18 \u00e9v alatti kiskor\u00faakt\u00f3l. Amennyiben tudom\u00e1st szerz\u00fcnk arr\u00f3l, hogy ilyen adatokat tov\u00e1bb\u00edtottak nek\u00fcnk, azokat azonnal t\u00f6r\u00f6lj\u00fck.<\/p>\n\n\n\n<h2 class=\"wp-block-heading\">Az adatv\u00e9delmi szab\u00e1lyzat friss\u00edt\u00e9sei<\/h2>\n\n\n\n<p>Ezt az adatv\u00e9delmi szab\u00e1lyzatot id\u0151r\u0151l id\u0151re fel\u00fclvizsg\u00e1lhatjuk. Minden m\u00f3dos\u00edt\u00e1st k\u00f6zz\u00e9tesz\u00fcnk ezen az oldalon, \u00e9s friss\u00edtj\u00fck az utols\u00f3 m\u00f3dos\u00edt\u00e1s d\u00e1tum\u00e1t. Javasoljuk, hogy rendszeres id\u0151k\u00f6z\u00f6nk\u00e9nt tekintse meg ezt az oldalt.<\/p>","protected":false},"excerpt":{"rendered":"<p>Adatv\u00e9delmi szab\u00e1lyzat Ez az adatv\u00e9delmi szab\u00e1lyzat elmagyar\u00e1zza, hogyan gy\u0171jtj\u00fck, kezelj\u00fck \u00e9s biztos\u00edtjuk az \u00d6n adatait, amikor \u00d6n haszn\u00e1lja a weboldalunkat.<\/p>","protected":false},"author":1,"featured_media":0,"parent":0,"menu_order":0,"comment_status":"closed","ping_status":"closed","template":"","meta":{"footnotes":""},"class_list":["post-1654","page","type-page","status-publish","hentry"],"_links":{"self":[{"href":"https:\/\/novavape.de\/hu\/wp-json\/wp\/v2\/pages\/1654","targetHints":{"allow":["GET"]}}],"collection":[{"href":"https:\/\/novavape.de\/hu\/wp-json\/wp\/v2\/pages"}],"about":[{"href":"https:\/\/novavape.de\/hu\/wp-json\/wp\/v2\/types\/page"}],"author":[{"embeddable":true,"href":"https:\/\/novavape.de\/hu\/wp-json\/wp\/v2\/users\/1"}],"replies":[{"embeddable":true,"href":"https:\/\/novavape.de\/hu\/wp-json\/wp\/v2\/comments?post=1654"}],"version-history":[{"count":0,"href":"https:\/\/novavape.de\/hu\/wp-json\/wp\/v2\/pages\/1654\/revisions"}],"wp:attachment":[{"href":"https:\/\/novavape.de\/hu\/wp-json\/wp\/v2\/media?parent=1654"}],"curies":[{"name":"wp","href":"https:\/\/api.w.org\/{rel}","templated":true}]}}

Adatvédelmi szabályzat

<h1 class="wp-block-heading">Adatvédelmi szabályzat</h1>



<p>Ez az adatvédelmi szabályzat elmagyarázza, hogyan gyűjtjük, kezeljük és biztosítjuk az Ön adatait, amikor meglátogatja a weboldalunkat (novavape.de). Tájékoztatjuk az Önt megillető adatvédelmi jogokról és az Önt megillető jogi védelemről.</p>



<h2 class="wp-block-heading">Személyes adatok gyűjtése</h2>



<p>E-cigaretta szolgáltatásaink nyújtásához különböző kategóriájú információkat gyűjtünk:</p>



<h3 class="wp-block-heading">Személyes adatok</h3>



<p>A következő adatokat gyűjtjük:</p>



<ul class="wp-block-list">
<li>Teljes név</li>



<li>E-mail cím</li>



<li>Telefonszám</li>



<li>Szállítási cím</li>
</ul>



<p>Ezekre az információkra a megrendelések feldolgozásához, az e-cigaretta termékek kiküldéséhez és az Ön átfogó ügyfélszolgálatához van szükség.</p>



<h3 class="wp-block-heading">Műszaki és használati információk</h3>



<p>Az automatikusan gyűjtött adatok közé tartoznak:</p>



<ul class="wp-block-list">
<li>A használt eszköz típusa</li>



<li>Internet Protocol (IP) cím</li>



<li>Használt böngésző</li>



<li>A hozzáférés időpontja</li>



<li>Elérhető aloldalak</li>
</ul>



<p>Ezeket az információkat automatikusan gyűjtjük, és a felhasználói élmény javítására, valamint a biztonság és az e-cigaretta-ágazat szabályozási követelményeinek való megfelelés biztosítására használjuk.</p>



<h2 class="wp-block-heading">Az összegyűjtött adatok feldolgozása</h2>



<p>Az általunk gyűjtött információkat a következő célokra használjuk fel:</p>



<h3 class="wp-block-heading">Megrendelések feldolgozása és teljesítése</h3>



<p>Személyes adatait a megrendelések feldolgozásához, a termékek kiküldéséhez és ügyfélszolgálatunk ellátásához használjuk fel.</p>



<h3 class="wp-block-heading">Kommunikáció az ügyfelekkel</h3>



<p>Kapcsolatba lépünk Önnel megrendeléseivel, termékadataival és marketingkampányaival kapcsolatban, beleértve a jelentős frissítéseket és a biztonsággal kapcsolatos értesítéseket.</p>



<h3 class="wp-block-heading">Szolgáltatásaink javítása</h3>



<p>A használati információk elemzésével optimalizáljuk termékkínálatunkat, a weboldal funkcióit és az általános felhasználói élményt.</p>



<h2 class="wp-block-heading">Adattovábbítás harmadik félnek</h2>



<p>Elvileg nem adjuk át az Ön személyes adatait külső feleknek az Ön beleegyezése nélkül, kivéve a következő esetekben:</p>



<h3 class="wp-block-heading">Külső szolgáltatók</h3>



<p>Az Ön adatait továbbítjuk a szállítmányozó cégeknek, a fizetési szolgáltatóknak és más külső partnereknek, hogy biztosítsuk termékeink zökkenőmentes szállítását és számlázását.</p>



<h3 class="wp-block-heading">Jogi kötelezettségek</h3>



<p>Az Ön adatait nyilvánosságra hozzuk, ha ezt a törvény vagy a hatóságok kérésére az alkalmazandó jogi normáknak és előírásoknak való megfelelés érdekében szükséges.</p>



<h3 class="wp-block-heading">Vállalati tranzakciók</h3>



<p>Összeolvadás, felvásárlás vagy a vállalat eszközeinek eladása esetén az Ön adatai továbbításra kerülhetnek, de továbbra is a jelen Adatvédelmi szabályzat védelme alatt maradnak.</p>



<h2 class="wp-block-heading">Az Ön adatainak biztonsága</h2>



<p>Személyes adatainak védelme érdekében számos biztosítékot alkalmazunk, beleértve a titkosítási eljárásokat és a folyamatos biztonsági ellenőrzéseket. Ezen óvintézkedések ellenére azonban nem tudjuk garantálni az Ön adatainak teljes biztonságát az internetes továbbítás során.</p>



<h2 class="wp-block-heading">Az Ön adatvédelmi jogai</h2>



<p>Önt a következő jogok illetik meg:</p>



<ul class="wp-block-list">
<li><strong>A tájékoztatáshoz való jog</strong>: Ellenőrizze a tárolt személyes adatait</li>



<li><strong>A helyesbítéshez való jog</strong>: Helytelen adatok javítása</li>



<li><strong>Lemondási jog</strong>Adataid eltávolítását kérheted</li>
</ul>



<p>Ha szeretné, hogy töröljük az adatait, vagy nem kíván többé marketinginformációkat kapni, bármikor kapcsolatba léphet velünk.</p>



<h2 class="wp-block-heading">Sütik és nyomon követési módszerek használata</h2>



<p>Sütiket és hasonló technológiákat használunk, hogy optimalizáljuk a platformunkon tapasztalt élményt. A cookie-kat a böngésző beállításain keresztül kezelheti. Kérjük, vegye figyelembe, hogy a sütik letiltása korlátozhatja a weboldal egyes területeinek működését.</p>



<h2 class="wp-block-heading">Kiskorúak védelme</h2>



<p>Ajánlataink és szolgáltatásaink kizárólag 18. életévüket betöltött személyeknek szólnak. Tudatosan nem gyűjtünk személyes adatokat 18 év alatti kiskorúaktól. Amennyiben tudomást szerzünk arról, hogy ilyen adatokat továbbítottak nekünk, azokat azonnal töröljük.</p>



<h2 class="wp-block-heading">Az adatvédelmi szabályzat frissítései</h2>



<p>Ezt az adatvédelmi szabályzatot időről időre felülvizsgálhatjuk. Minden módosítást közzéteszünk ezen az oldalon, és frissítjük az utolsó módosítás dátumát. Javasoljuk, hogy rendszeres időközönként tekintse meg ezt az oldalt.</p>

<p>Adatvédelmi szabályzat Ez az adatvédelmi szabályzat elmagyarázza, hogyan gyűjtjük, kezeljük és biztosítjuk az Ön adatait, amikor Ön használja a weboldalunkat.</p>
